is divided by 33089.
18
Calculate the remainder when 27760 is divided by 213.
70
What is the remainder when 76504 is divided by 4250?
4
What is the remainder when 1498813 is divided by 176?
173
Calculate the remainder when 5666 is divided by 1876.
38
Calculate the remainder when 6481 is divided by 158.
3
What is the remainder when 19034 is divided by 400?
234
What is the remainder when 294018 is divided by 226?
218
Calculate the remainder when 171092 is divided by 58.
50
Calculate the remainder when 2190 is divided by 574.
468
What is the remainder when 269064 is divided by 401?
394
What is the remainder when 17193 is divided by 95?
93
What is the remainder when 1439 is divided by 521?
397
What is the remainder when 2105 is divided by 151?
142
Calculate the remainder when 1176159 is divided by 1326.
1323
Calculate the remainder when 83278 is divided by 641.
589
Calculate the remainder when 1611 is divided by 44.
27
What is the remainder when 950102 is divided by 65?
62
Calculate the remainder when 13272 is divided by 739.
709
Calculate the remainder when 86484 is divided by 127.
124
What is the remainder when 362210 is divided by 79?
74
What is the remainder when 1165 is divided by 292?
289
What is the remainder when 38074 is divided by 2000?
74
What is the remainder when 4143 is divided by 138?
3
What is the remainder when 635059 is divided by 10?
9
Calculate the remainder when 72082 is divided by 284.
230
Calculate the remainder when 132424 is divided by 178.
170
What is the remainder when 69951 is divided by 55?
46
Calculate the remainder when 886 is divided by 394.
98
What is the remainder when 2397 is divided by 104?
5
Calculate the remainder when 12384 is divided by 119.
8
What is the remainder when 35776 is divided by 1?
0
What is the remainder when 2534 is divided by 168?
14
Calculate the remainder when 986342 is divided by 61645.
22
What is the remainder when 590 is divided by 85?
80
Calculate the remainder when 233401 is divided by 989.
986
What is the remainder when 13635 is divided by 44?
39
What is the remainder when 4104 is divided by 707?
569
What is the remainder when 371739 is divided by 15488?
27
Calculate the remainder when 17533 is divided by 438.
13
What is the remainder when 4842 is divided by 1599?
45
What is the remainder when 6689 is divided by 15?
14
What is the remainder when 2359 is divided by 472?
471
Calculate the remainder when 4900 is divided by 136.
4
What is the remainder when 508936 is divided by 8?
0
What is the remainder when 21631 is divided by 194?
97
What is the remainder when 4658 is divided by 245?
3
Calculate the remainder when 3624 is divided by 403.
400
Calculate the remainder when 31541 is divided by 15.
11
What is the remainder when 6983 is divided by 500?
483
Calculate the remainder when 208667 is divided by 45.
2
What is the remainder when 3725460 is divided by 21?
18
Calculate the remainder when 2010131 is divided by 105.
11
What is the remainder when 2160 is divided by 505?
140
What is the remainder when 7330 is divided by 156?
154
Calculate the remainder when 8868 is divided by 403.
2
What is the remainder when 6911 is divided by 2288?
47
Calculate the remainder when 30645 is divided by 17.
11
Calculate the remainder when 1708 is divided by 191.
180
Calculate the remainder when 10315 is divided by 799.
727
Calculate the remainder when 6547221 is divided by 24.
21
Calculate the remainder when 218005 is divided by 39.
34
What is the remainder when 599763 is divided by 604?
595
What is the remainder when 28977 is divided by 105?
102
What is the remainder when 2695 is divided by 81?
22
What is the remainder when 20621 is divided by 193?
163
Calculate the remainder when 1838633 is divided by 1115.
1113
What is the remainder when 49544 is divided by 135?
134
Calculate the remainder when 34726 is divided by 273.
55
Calculate the remainder when 40412 is divided by 8080.
12
What is the remainder when 7546 is divided by 9?
4
What is the remainder when 120201 is divided by 4?
1
Calculate the remainder when 16775 is divided by 72.
71
Calculate the remainder when 5022 is divided by 299.
238
What is the remainder when 1007 is divided by 21?
20
Calculate the remainder when 426 is divided by 116.
78
What is the remainder when 12288 is divided by 644?
52
What is the remainder when 30737 is divided by 106?
103
Calculate the remainder when 83477 is divided by 6954.
29
Calculate the remainder when 7427 is divided by 2469.
20
What is the remainder when 1419 is divided by 456?
51
What is the remainder when 247807 is divided by 579?
574
Calculate the remainder when 687535 is divided by 79.
77
Calculate the remainder when 10575 is divided by 763.
656
Calculate the remainder when 84035 is divided by 145.
80
Calculate the remainder when 56703 is divided by 465.
438
Calculate the remainder when 16559 is divided by 61.
28
Calculate the remainder when 60443 is divided by 12078.
53
Calculate the remainder when 1601438 is divided by 241.
234
Calculate the remainder when 1705 is divided by 347.
317
What is the remainder when 16693 is divided by 5470?
283
What is the remainder when 425 is divided by 310?
115
What is the remainder when 1146 is divided by 372?
30
What is the remainder when 121572 is divided by 229?
202
What is the remainder when 3805 is divided by 245?
130
Calculate the remainder when 400750 is divided by 92.
90
What is the remainder when 510 is divided by 58?
46
Calculate the remainder when 400 is divided by 298.
102
Calculate the remainder when 87399 is divided by 115.
114
What is the remainder when 1177964 is divided by 552?
548
Calculate the remainder when 5483653 is divided by 1569.
1567
What is the remainder when 264743 is divided by 6457?
6
What is the remainder when 34876 is divided by 306?
298
What is the remainder when 83882 is divided by 922?
902
What is the remainder when 27724 is divided by 6931?
0
Calculate the remainder when 124543 is divided by 539.
34
Calculate the remainder when 1711 is divided by 1393.
318
Calculate the remainder when 10550 is divided by 1741.
104
What is the remainder when 93789 is divided by 13?
7
Calculate the remainder when 3052 is divided by 1129.
794
What is the remainder when 8841 is divided by 34?
1
What is the remainder when 11517 is divided by 188?
49
What is the remainder when 2837 is divided by 469?
23
Calculate the remainder when 4398 is divided by 22.
20
What is the remainder when 25057 is divided by 646?
509
Calculate the remainder when 24184 is divided by 8059.
7
Calculate the remainder when 3934 is divided by 330.
304
What is the remainder when 677809 is divided by 322?
321
Calculate the remainder when 418986 is divided by 715.
711
What is the remainder when 502 is divided by 492?
10
What is the remainder when 19137 is divided by 55?
52
What is the remainder when 29640 is divided by 90?
30
What is the remainder when 10296 is divided by 3423?
27
Calculate the remainder when 102155 is divided by 37.
35
Calculate the remainder when 1358 is divided by 211.
92
Calculate the remainder when 2744 is divided by 78.
14
What is the remainder when 15659 is divided by 781?
39
Calculate the remainder when 22959 is divided by 1358.
1231
What is the remainder when 20702 is divided by 67?
66
What is the remainder when 1253 is divided by 410?
23
Calculate the remainder when 12516 is divided by 1581.
1449
Calculate the remainder when 136034 is divided by 26.
2
What is the remainder when 649015 is divided by 216330?
25
Calculate the remainder when 94278 is divided by 47116.
46
What is the remainder when 4168 is divided by 501?
160
What is the remainder when 244265 is divided by 2518?
19
What is the remainder when 54917 is divided by 504?
485
Calculate the remainder when 10332 is divided by 847.
168
Calculate the remainder when 1938067 is divided by 187.
186
Calculate the remainder when 6638 is divided by 414.
14
Calculate the remainder when 62973 is divided by 20986.
15
Calculate the remainder when 9168 is divided by 340.
328
Calculate the remainder when 285308 is divided by 8.
4
Calculate the remainder when 81515 is divided by 500.
15
Calculate the remainder when 1627 is divided by 1504.
123
Calculate the remainder when 32030 is divided by 32.
30
Calculate the remainder w